{"id":823,"date":"2021-08-17T14:45:06","date_gmt":"2021-08-17T14:45:06","guid":{"rendered":"http:\/\/server3.testwalking.com\/test\/atic-wp\/?page_id=823"},"modified":"2021-08-17T15:06:07","modified_gmt":"2021-08-17T15:06:07","slug":"definicions","status":"publish","type":"page","link":"http:\/\/server3.testwalking.com\/test\/atic-wp\/definicions\/","title":{"rendered":"Definicions"},"content":{"rendered":"\t\t<div data-elementor-type=\"wp-page\" data-elementor-id=\"823\" class=\"elementor elementor-823\">\n\t\t\t\t\t\t<section class=\"elementor-section elementor-top-section elementor-element elementor-element-5a1c466 card-div elementor-section-boxed elementor-section-height-default elementor-section-height-default\" data-id=\"5a1c466\" data-element_type=\"section\">\n\t\t\t\t\t\t<div class=\"elementor-container elementor-column-gap-default\">\n\t\t\t\t\t<div class=\"elementor-column elementor-col-100 elementor-top-column elementor-element elementor-element-12f0f65\" data-id=\"12f0f65\" data-element_type=\"column\">\n\t\t\t<div class=\"elementor-widget-wrap elementor-element-populated\">\n\t\t\t\t\t\t<div class=\"elementor-element elementor-element-0a60728 elementor-widget elementor-widget-heading\" data-id=\"0a60728\" data-element_type=\"widget\" data-widget_type=\"heading.default\">\n\t\t\t\t<div class=\"elementor-widget-container\">\n\t\t\t<h2 class=\"elementor-heading-title elementor-size-default\">Definicions<\/h2>\t\t<\/div>\n\t\t\t\t<\/div>\n\t\t\t\t<div class=\"elementor-element elementor-element-923d831 elementor-widget-divider--view-line elementor-widget elementor-widget-divider\" data-id=\"923d831\" data-element_type=\"widget\" data-widget_type=\"divider.default\">\n\t\t\t\t<div class=\"elementor-widget-container\">\n\t\t\t\t\t<div class=\"elementor-divider\">\n\t\t\t<span class=\"elementor-divider-separator\">\n\t\t\t\t\t\t<\/span>\n\t\t<\/div>\n\t\t\t\t<\/div>\n\t\t\t\t<\/div>\n\t\t\t\t<div class=\"elementor-element elementor-element-8434063 elementor-widget elementor-widget-text-editor\" data-id=\"8434063\" data-element_type=\"widget\" data-widget_type=\"text-editor.default\">\n\t\t\t\t<div class=\"elementor-widget-container\">\n\t\t\t\t\t\t\t<p><span><span class=\"\">La l\u00f2gica subjacent a l&#8217;estructura i el contingut de ATIC deriva de la re-conceptualitzaci\u00f3 de l&#8217; <\/span><\/span><span><span class=\"\">PROC\u00c9S <\/span><\/span><span><span class=\"\">de prestaci\u00f3 de cures <\/span><\/span><span><span class=\"\">o proc\u00e9s d&#8217;atenci\u00f3 d&#8217;infermeria <\/span><\/span><span><span class=\"\">, <\/span><\/span><span><span class=\"\">publicada <\/span><\/span><span><span class=\"\">per la Dra. <\/span><\/span><span><span class=\"\">Juv\u00e9-Udina <\/span><\/span><span><span class=\"\">a 2012.<\/span><\/span><\/p><p><span>Una interpretaci\u00f3 que defineix el PROC\u00c9S de prestaci\u00f3 de cures com no-lineal i iteratiu en el qual: <\/span><\/p><ol type=\"a\"><li style=\"list-style-type: none;\"><ol type=\"a\"><li><span>La VALORACI\u00d3 inicial de l&#8217;estat i les circumst\u00e0ncies de la persona<\/span><\/li><\/ol><\/li><\/ol><ol start=\"2\" type=\"a\"><li style=\"list-style-type: none;\"><ol start=\"2\" type=\"a\"><li><span>Genera un o la conclusi\u00f3 de diversos JUDICIS (Diagn\u00f2stics)<\/span><\/li><\/ol><\/li><\/ol><ol start=\"3\" type=\"a\"><li style=\"list-style-type: none;\"><ol start=\"3\" type=\"a\"><li><span>Que condueixen a la PRESCRIPCI\u00d3 de cures (Intervenciones_ Planificaci\u00f3)<\/span><\/li><\/ol><\/li><\/ol><ol start=\"4\" type=\"a\"><li style=\"list-style-type: none;\"><ol start=\"4\" type=\"a\"><li><span>Del qual PRESTACI\u00d3 ( <\/span><span>Intervenciones_Ejecuci\u00f3n <\/span><span>)<\/span><\/li><\/ol><\/li><\/ol><ol start=\"5\" type=\"a\"><li style=\"list-style-type: none;\"><ol start=\"5\" type=\"a\"><li><span>S&#8217;ha d&#8217;avaluar en una VALORACI\u00d3 continuada de l&#8217;estat i l&#8217;evoluci\u00f3 de la persona i les seves circumst\u00e0ncies<\/span><\/li><\/ol><\/li><\/ol><ol start=\"6\" type=\"a\"><li style=\"list-style-type: none;\"><ol start=\"6\" type=\"a\"><li><span>Que podria generar nous JUDICIS, reiniciant de nou el proc\u00e9s. <\/span><\/li><\/ol><\/li><\/ol>\t\t\t\t\t\t<\/div>\n\t\t\t\t<\/div>\n\t\t\t\t<div class=\"elementor-element elementor-element-27f4ab3 elementor-widget elementor-widget-image\" data-id=\"27f4ab3\" data-element_type=\"widget\" data-widget_type=\"image.default\">\n\t\t\t\t<div class=\"elementor-widget-container\">\n\t\t\t\t\t\t\t\t\t\t\t\t\t<img fetchpriority=\"high\" decoding=\"async\" width=\"523\" height=\"335\" src=\"http:\/\/server3.testwalking.com\/test\/atic-wp\/wp-content\/uploads\/2021\/08\/2.2.1_es.png\" class=\"attachment-large size-large wp-image-819\" alt=\"\" srcset=\"http:\/\/server3.testwalking.com\/test\/atic-wp\/wp-content\/uploads\/2021\/08\/2.2.1_es.png 523w, http:\/\/server3.testwalking.com\/test\/atic-wp\/wp-content\/uploads\/2021\/08\/2.2.1_es-300x192.png 300w\" sizes=\"(max-width: 523px) 100vw, 523px\" \/>\t\t\t\t\t\t\t\t\t\t\t\t\t<\/div>\n\t\t\t\t<\/div>\n\t\t\t\t<div class=\"elementor-element elementor-element-0157e97 elementor-widget elementor-widget-text-editor\" data-id=\"0157e97\" data-element_type=\"widget\" data-widget_type=\"text-editor.default\">\n\t\t\t\t<div class=\"elementor-widget-container\">\n\t\t\t\t\t\t\t<p><span>El context organitzatiu de la prestaci\u00f3 de cures i la per\u00edcia cl\u00ednica de cada infermer \/ a s\u00f3n factors que influeixen en el proc\u00e9s i els seus resultats en les persones ateses. <\/span><span>El contingut d&#8217;l&#8217;eix diagn\u00f2stic de ATIC est\u00e0 desenvolupat considerant la hip\u00f2tesi que el nivell de per\u00edcia cl\u00ednica de cada infermera assistencial condiciona la seva capacitat diagn\u00f2stica. L&#8217;efecte de la compet\u00e8ncia cl\u00ednica de cada infermera en la formulaci\u00f3 diagn\u00f2stica es mostra a la introducci\u00f3 de el llibre <a href=\"https:\/\/translate.google.com\/translate?hl=es&amp;prev=_t&amp;sl=es&amp;tl=ca&amp;u=https:\/\/axon.es\/ficha\/libros\/9788494083136\/atic-eje-diagnostico\">ATIC Eix Diagn\u00f2stic<\/a> ( pp 29-33).<\/span><\/p><p><span>La <\/span><a href=\"https:\/\/translate.google.com\/translate?hl=es&amp;prev=_t&amp;sl=es&amp;tl=ca&amp;u=https:\/\/www.tesisenred.net\/handle\/10803\/457189%23page%3D1#page=1\"><span>Tesi doctoral de la Dra. <\/span><span>Gonzalez-Samartino<\/span><\/a><span> aporta resultats rellevants sobre la precisi\u00f3 diagn\u00f2stica infermera i la seva relaci\u00f3 els resultats cl\u00ednics.<\/span><\/p><p><span>Les influ\u00e8ncies <\/span><span>de <\/span><span>les dues <\/span><span>variables moduladores s&#8217;exploren en la <\/span><a href=\"https:\/\/translate.google.com\/translate?hl=es&amp;prev=_t&amp;sl=es&amp;tl=ca&amp;u=https:\/\/www.tesisenred.net\/handle\/10803\/670252\"><span>Tesi doctoral de la Dra. <\/span><span>Castell\u00e0-Creus<\/span><\/a><span> i les seves diverses publicacions cient\u00edfica <\/span><span>s derivades.<\/span><\/p>\t\t\t\t\t\t<\/div>\n\t\t\t\t<\/div>\n\t\t\t\t<div class=\"elementor-element elementor-element-248881b eael-table-align-center eael-dt-th-align-left elementor-widget elementor-widget-eael-data-table\" data-id=\"248881b\" data-element_type=\"widget\" data-widget_type=\"eael-data-table.default\">\n\t\t\t\t<div class=\"elementor-widget-container\">\n\t\t\t\t\t<div class=\"eael-data-table-wrap\" data-table_id=\"248881b\" id=\"eael-data-table-wrapper-248881b\" data-custom_responsive=\"false\">\n\t\t\t<table class=\"tablesorter eael-data-table center\" id=\"eael-data-table-248881b\">\n\t\t\t    <thead>\n\t\t\t        <tr class=\"table-header\">\n\t\t\t\t\t\t\t\t\t            <th class=\"\" id=\"\" colspan=\"\">\n\t\t\t\t\t\t\t\t\t\t\t\t\t\t<span class=\"data-table-header-text\">Element de el proc\u00e9s<\/span><\/th>\n\t\t\t        \t\t\t\t            <th class=\"\" id=\"\" colspan=\"\">\n\t\t\t\t\t\t\t\t\t\t\t\t\t\t<span class=\"data-table-header-text\">Conceptualitzaci\u00f3 ATIC<\/span><\/th>\n\t\t\t        \t\t\t\t        <\/tr>\n\t\t\t    <\/thead>\n\t\t\t  \t<tbody>\n\t\t\t\t\t\t\t\t\t\t\t<tr>\n\t\t\t\t\t\t\t\t\t\t\t\t\t\t\t\t   \t\t\t\t\t\t\t\t\t\t\t<td colspan=\"\" rowspan=\"\" class=\"\" id=\"\">\n\t\t\t\t\t\t\t\t\t\t\t\t<div class=\"td-content-wrapper\"><div class=\"td-content\"><p><strong>Valoraci\u00f3 inicial<\/strong><\/p><\/div><\/div>\n\t\t\t\t\t\t\t\t\t\t\t<\/td>\n\t\t\t\t\t\t\t\t\t\t\t\t\t\t\t\t\t\t\t\t\t\t\t\t\t\t\t\t\t   \t\t\t\t\t\t\t\t\t\t\t<td colspan=\"\" rowspan=\"\" class=\"\" id=\"\">\n\t\t\t\t\t\t\t\t\t\t\t\t<div class=\"td-content-wrapper\"><div class=\"td-content\"><p><span>Obtenci\u00f3 sistem\u00e0tica de dades objectives i subjectius\u00a0<\/span><span>sobre la persona (fam\u00edlia, grup, comunitat o poblaci\u00f3), <\/span><span>el seu context, hist\u00f2ria, circumst\u00e0ncies i entorn <\/span><span>aix\u00ed com el motiu pel qual busca <\/span><span>, <\/span><span>sol\u00b7licita <\/span><span>o necessita <\/span><span>atenci\u00f3 sanit\u00e0ria <\/span><span>que condueix a el judici cl\u00ednic.<\/span><\/p><\/div><\/div>\n\t\t\t\t\t\t\t\t\t\t\t<\/td>\n\t\t\t\t\t\t\t\t\t\t\t\t\t\t\t\t\t\t\t\t\t\t\t\t\t\t<\/tr>\n\t\t\t        \t\t\t\t\t\t<tr>\n\t\t\t\t\t\t\t\t\t\t\t\t\t\t\t\t   \t\t\t\t\t\t\t\t\t\t\t<td colspan=\"\" rowspan=\"\" class=\"\" id=\"\">\n\t\t\t\t\t\t\t\t\t\t\t\t<div class=\"td-content-wrapper\"><div class=\"td-content\"><p><strong>Valoraci\u00f3 focalitzada<\/strong><\/p><\/div><\/div>\n\t\t\t\t\t\t\t\t\t\t\t<\/td>\n\t\t\t\t\t\t\t\t\t\t\t\t\t\t\t\t\t\t\t\t\t\t\t\t\t\t\t\t\t   \t\t\t\t\t\t\t\t\t\t\t<td colspan=\"\" rowspan=\"\" class=\"\" id=\"\">\n\t\t\t\t\t\t\t\t\t\t\t\t<div class=\"td-content-wrapper\"><div class=\"td-content\"><p><span>Obtenci\u00f3 d'un conjunt sistem\u00e0tic de dades sobre un aspecte concret <\/span><span>de l'estat, la situaci\u00f3, les circumst\u00e0ncies i \/ o l'entorn de la persona (fam\u00edlia, grup, comunitat o poblaci\u00f3) atesa.<\/span><\/p><\/div><\/div>\n\t\t\t\t\t\t\t\t\t\t\t<\/td>\n\t\t\t\t\t\t\t\t\t\t\t\t\t\t\t\t\t\t\t\t\t\t\t\t\t\t<\/tr>\n\t\t\t        \t\t\t\t\t\t<tr>\n\t\t\t\t\t\t\t\t\t\t\t\t\t\t\t\t   \t\t\t\t\t\t\t\t\t\t\t<td colspan=\"\" rowspan=\"\" class=\"\" id=\"\">\n\t\t\t\t\t\t\t\t\t\t\t\t<div class=\"td-content-wrapper\"><div class=\"td-content\"><p><strong><span class=\"\">Valoraci\u00f3 continuada i Resultats<\/span><\/strong><\/p><\/div><\/div>\n\t\t\t\t\t\t\t\t\t\t\t<\/td>\n\t\t\t\t\t\t\t\t\t\t\t\t\t\t\t\t\t\t\t\t\t\t\t\t\t\t\t\t\t   \t\t\t\t\t\t\t\t\t\t\t<td colspan=\"\" rowspan=\"\" class=\"\" id=\"\">\n\t\t\t\t\t\t\t\t\t\t\t\t<div class=\"td-content-wrapper\"><div class=\"td-content\"><p><span>La <\/span><span>identificaci\u00f3 <\/span><span>dels resultats de salut \u00e9s un producte de l'judici <\/span><span>diagn\u00f2stic <\/span><span>.<\/span><\/p><p><span>Els resultats s\u00f3n judicis <\/span><span>cl\u00ednics <\/span><span>sobre la <\/span><span>evoluci\u00f3 <\/span><span>de l'estat de salut de l'individu (o de les seves conseq\u00fc\u00e8ncies) un cop realitzades les intervencions infermeres.<\/span><\/p><p><span>Els resultats <\/span><span>en ATIC es c <\/span><span>lasifica <\/span><span>n <\/span><span>a: evolutius i finalistes.<\/span><\/p><p><span>Al seu torn poden sub-classificar-se com: saludables i adversos. <\/span><\/p><p><span>Els resultats evolutius o finalistes <\/span><span>es <\/span><span>expressa <\/span><span>n <\/span><span>en ATIC mitjan\u00e7ant variables de valoraci\u00f3 continuada i \/ o <\/span><span>nous <\/span><span>diagn\u00f2stics.<\/span><\/p><p><span>En ATIC els elements de valoraci\u00f3 inicial, focalitzada i continuada s'expressen amb variables (elements b\u00e0sics) i par\u00e0metres (elements moleculars i at\u00f2mics) de l'Eix Valoraci\u00f3.<\/span><\/p><\/div><\/div>\n\t\t\t\t\t\t\t\t\t\t\t<\/td>\n\t\t\t\t\t\t\t\t\t\t\t\t\t\t\t\t\t\t\t\t\t\t\t\t\t\t<\/tr>\n\t\t\t        \t\t\t\t\t\t<tr>\n\t\t\t\t\t\t\t\t\t\t\t\t\t\t\t\t   \t\t\t\t\t\t\t\t\t\t\t<td colspan=\"\" rowspan=\"\" class=\"\" id=\"\">\n\t\t\t\t\t\t\t\t\t\t\t\t<div class=\"td-content-wrapper\"><div class=\"td-content\"><p><strong>Intervencions<\/strong><\/p><\/div><\/div>\n\t\t\t\t\t\t\t\t\t\t\t<\/td>\n\t\t\t\t\t\t\t\t\t\t\t\t\t\t\t\t\t\t\t\t\t\t\t\t\t\t\t\t\t   \t\t\t\t\t\t\t\t\t\t\t<td colspan=\"\" rowspan=\"\" class=\"\" id=\"\">\n\t\t\t\t\t\t\t\t\t\t\t\t<div class=\"td-content-wrapper\"><div class=\"td-content\"><p><span><span class=\"\">Prescripci\u00f3 <\/span><\/span><span><span class=\"\">d'una o diverses prestacions infermera (cures) <\/span><\/span><span>que deriva de l' <\/span><span>diagn\u00f2stic i\u00a0<\/span><span>reflecteix l'abordatge per a la seva <\/span><span>prevenci\u00f3 <\/span><span>, <\/span><span>resoluci\u00f3 <\/span><span>o <\/span><span>pal\u00b7liaci\u00f3 <\/span><span>, total o parcial.<\/span><\/p><p><span>Les intervencions en ATIC no s\u00f3n descripcions detallades d'un procediment. <\/span><\/p><p><span>S\u00f3n conceptes que engloben l'objectiu i les actuacions i accions cuidadores <\/span><\/p><p><span>Algunes prescripcions poden ser indicades per un <\/span><span>a <\/span><span>infermeria <\/span><span>a, <\/span><span>1 <\/span><span>m\u00e9dic <\/span><span>o \/ a <\/span><span>o un altre professional autoritzad <\/span><span>o.<\/span><\/p><p><span>La seva <\/span><span>execuci\u00f3 <\/span><span>pot ser duta a terme pel pacient i \/ o els seus cuidadors, la mateixa infermera, la infermera i el <\/span><span>metge <\/span><span>, <\/span><span>amb altres professionals <\/span><span>o b\u00e9 ser delegada a el personal auxiliar <\/span><span>o t\u00e8cnic.<\/span><\/p><p><span>Les intervencions en ATIC s\u00f3n elements b\u00e0sics de l'Eix Intervenci\u00f3. <\/span><\/p><\/div><\/div>\n\t\t\t\t\t\t\t\t\t\t\t<\/td>\n\t\t\t\t\t\t\t\t\t\t\t\t\t\t\t\t\t\t\t\t\t\t\t\t\t\t<\/tr>\n\t\t\t        \t\t\t\t\t\t<tr>\n\t\t\t\t\t\t\t\t\t\t\t\t\t\t\t\t   \t\t\t\t\t\t\t\t\t\t\t<td colspan=\"\" rowspan=\"\" class=\"\" id=\"\">\n\t\t\t\t\t\t\t\t\t\t\t\t<div class=\"td-content-wrapper\"><div class=\"td-content\"><p><strong>Activitats<\/strong><\/p><\/div><\/div>\n\t\t\t\t\t\t\t\t\t\t\t<\/td>\n\t\t\t\t\t\t\t\t\t\t\t\t\t\t\t\t\t\t\t\t\t\t\t\t\t\t\t\t\t   \t\t\t\t\t\t\t\t\t\t\t<td colspan=\"\" rowspan=\"\" class=\"\" id=\"\">\n\t\t\t\t\t\t\t\t\t\t\t\t<div class=\"td-content-wrapper\"><div class=\"td-content\"><p><span>Les activitats <\/span><span>en ATIC s\u00f3n elements moleculars i at\u00f2mics de l'Eix Intervenci\u00f3.<\/span><\/p><p><span>S <\/span><span>on especificacions que permeten un registre dels elements essencials que caracteritzen una intervenci\u00f3 i que,\u00a0<\/span><span>informen sobre un aspecte a destacar i que han de detallar per garantir la seguretat, la qualitat, la continu\u00eftat de les cures o b\u00e9, <\/span><span>per motius normatius, <\/span><span>\u00e8tic-legals <\/span><span>i \/ o de cost-efici\u00e8ncia.<\/span><\/p><\/div><\/div>\n\t\t\t\t\t\t\t\t\t\t\t<\/td>\n\t\t\t\t\t\t\t\t\t\t\t\t\t\t\t\t\t\t\t\t\t\t\t\t\t\t<\/tr>\n\t\t\t        \t\t\t\t\t\t<tr>\n\t\t\t\t\t\t\t\t\t\t\t\t\t\t\t\t   \t\t\t\t\t\t\t\t\t\t\t<td colspan=\"\" rowspan=\"\" class=\"\" id=\"\">\n\t\t\t\t\t\t\t\t\t\t\t\t<div class=\"td-content-wrapper\"><div class=\"td-content\"><p><strong>Diagn\u00f2stic<\/strong><\/p><\/div><\/div>\n\t\t\t\t\t\t\t\t\t\t\t<\/td>\n\t\t\t\t\t\t\t\t\t\t\t\t\t\t\t\t\t\t\t\t\t\t\t\t\t\t\t\t\t   \t\t\t\t\t\t\t\t\t\t\t<td colspan=\"\" rowspan=\"\" class=\"\" id=\"\">\n\t\t\t\t\t\t\t\t\t\t\t\t<div class=\"td-content-wrapper\"><div class=\"td-content\"><p><span>Judici cl\u00ednic <\/span><span>o <\/span><span>la conclusi\u00f3 de diversos judicis <\/span><span>, resultant \/ s de l'an\u00e0lisi i la prioritzaci\u00f3 de les dades de la valoraci\u00f3 <\/span><span>s <\/span><span>obri l'estat de salut de <\/span><span>la persona <\/span><span>(famili <\/span><span>a, grup, <\/span><span>comunitat <\/span><span>o poblaci\u00f3)\u00a0<\/span><span>i les conseq\u00fc\u00e8ncies i reaccions reals o de risc\u00a0<\/span><span>en les diferents dimensions <\/span><span>de la persona benefici\u00e0ria de les cures <\/span><span>i la seva integralitat, <\/span><span>en el context del seu entorn i la seva experi\u00e8ncia particular\u00a0<\/span><span>i en l'\u00e0mbit de la responsabilitat professional infermera que inclou tamb\u00e9 la corresponsabilitat amb el beneficiari de les cures,\u00a0<\/span><span>seus cuidadors informals i \/ o amb altres professionals de la salut.<\/span><\/p><p><span>L'objectiu de l' <\/span><span>diagn\u00f2stic <\/span><span>infermer \u00e9s<\/span><\/p><p><span>Identificar <\/span><span>problemes o situacions que requereixen <\/span><span>o poden beneficiar-se de <\/span><span>intervenci\u00f3 infermera , <\/span><span>a la salut, per a la seva <\/span><span>preservaci\u00f3 <\/span><span>,\u00a0<\/span><span>en els estats de salut relativa <\/span><span>, <\/span><span>per prevenir la malaltia i promoure el restabliment de l'estat previ, <\/span><span>en els estats de malaltia <\/span><span>, <\/span><span>per prevenir <\/span><span>discapacitats, <\/span><span>complicacions <\/span><span>i la seva progressi\u00f3, aix\u00ed com per <\/span><span>promoure el restabliment o <\/span><span>consecuci\u00f3 <\/span><span>del millor estat de salut possible <\/span><span>, <\/span><span>i en el final de la vida <\/span><span>, <\/span><span>per prevenir i pal\u00b7liar el sofriment <\/span><span>.<\/span><\/p><p><span>Els diagn\u00f2stics en ATIC s\u00f3n elements b\u00e0sics de l'Eix diagn\u00f2stic. <\/span><\/p><\/div><\/div>\n\t\t\t\t\t\t\t\t\t\t\t<\/td>\n\t\t\t\t\t\t\t\t\t\t\t\t\t\t\t\t\t\t\t\t\t\t\t\t\t\t<\/tr>\n\t\t\t        \t\t\t    <\/tbody>\n\t\t\t<\/table>\n\t\t<\/div>\n\t  \t\t\t<\/div>\n\t\t\t\t<\/div>\n\t\t\t\t\t<\/div>\n\t\t<\/div>\n\t\t\t\t\t<\/div>\n\t\t<\/section>\n\t\t\t\t<\/div>\n\t\t","protected":false},"excerpt":{"rendered":"<p>Definicions La l\u00f2gica subjacent a l&#8217;estructura i el contingut de ATIC deriva de la re-conceptualitzaci\u00f3 de l&#8217; PROC\u00c9S de prestaci\u00f3 de cures o proc\u00e9s d&#8217;atenci\u00f3 d&#8217;infermeria , publicada per la Dra. Juv\u00e9-Udina a 2012. Una interpretaci\u00f3 que defineix el PROC\u00c9S de prestaci\u00f3 de cures com no-lineal i iteratiu en el qual: La VALORACI\u00d3 inicial de<\/p>\n<footer class=\"entry-footer index-entry\">\n<div class=\"post-social pull-left\"><a href=\"https:\/\/www.facebook.com\/sharer\/sharer.php?u=http%3A%2F%2Fserver3.testwalking.com%2Ftest%2Fatic-wp%2Fdefinicions%2F\" target=\"_blank\" class=\"social-icons\"><i class=\"fa fa-facebook\" aria-hidden=\"true\"><\/i><\/a><a href=\"https:\/\/twitter.com\/home?status=http%3A%2F%2Fserver3.testwalking.com%2Ftest%2Fatic-wp%2Fdefinicions%2F\" target=\"_blank\" class=\"social-icons\"><i class=\"fa fa-twitter\" aria-hidden=\"true\"><\/i><\/a><a href=\"https:\/\/www.linkedin.com\/shareArticle?mini=true&#038;url=http%3A%2F%2Fserver3.testwalking.com%2Ftest%2Fatic-wp%2Fdefinicions%2F&#038;title=Definicions\" target=\"_blank\" class=\"social-icons\"><i class=\"fa fa-linkedin\" aria-hidden=\"true\"><\/i><\/a><\/div>\n<p class=\"link-more\"><a href=\"http:\/\/server3.testwalking.com\/test\/atic-wp\/definicions\/\" class=\"more-link\">Continue reading <span class=\"meta-nav\">\u2192<\/span><\/a><\/p>\n<\/footer>\n","protected":false},"author":1,"featured_media":0,"parent":0,"menu_order":0,"comment_status":"closed","ping_status":"closed","template":"","meta":{"footnotes":""},"acf":[],"_links":{"self":[{"href":"http:\/\/server3.testwalking.com\/test\/atic-wp\/wp-json\/wp\/v2\/pages\/823"}],"collection":[{"href":"http:\/\/server3.testwalking.com\/test\/atic-wp\/wp-json\/wp\/v2\/pages"}],"about":[{"href":"http:\/\/server3.testwalking.com\/test\/atic-wp\/wp-json\/wp\/v2\/types\/page"}],"author":[{"embeddable":true,"href":"http:\/\/server3.testwalking.com\/test\/atic-wp\/wp-json\/wp\/v2\/users\/1"}],"replies":[{"embeddable":true,"href":"http:\/\/server3.testwalking.com\/test\/atic-wp\/wp-json\/wp\/v2\/comments?post=823"}],"version-history":[{"count":7,"href":"http:\/\/server3.testwalking.com\/test\/atic-wp\/wp-json\/wp\/v2\/pages\/823\/revisions"}],"predecessor-version":[{"id":831,"href":"http:\/\/server3.testwalking.com\/test\/atic-wp\/wp-json\/wp\/v2\/pages\/823\/revisions\/831"}],"wp:attachment":[{"href":"http:\/\/server3.testwalking.com\/test\/atic-wp\/wp-json\/wp\/v2\/media?parent=823"}],"curies":[{"name":"wp","href":"https:\/\/api.w.org\/{rel}","templated":true}]}}