{"id":764,"date":"2021-08-16T20:02:46","date_gmt":"2021-08-16T20:02:46","guid":{"rendered":"http:\/\/server3.testwalking.com\/test\/atic-wp\/?page_id=764"},"modified":"2024-03-18T15:23:00","modified_gmt":"2024-03-18T15:23:00","slug":"estructura-matricial-2","status":"publish","type":"page","link":"http:\/\/server3.testwalking.com\/test\/atic-wp\/estructura-matricial-2\/","title":{"rendered":"Estructura matricial"},"content":{"rendered":"\t\t<div data-elementor-type=\"wp-page\" data-elementor-id=\"764\" class=\"elementor elementor-764\">\n\t\t\t\t\t\t<section class=\"elementor-section elementor-top-section elementor-element elementor-element-d5db4f9 card-div elementor-section-boxed elementor-section-height-default elementor-section-height-default\" data-id=\"d5db4f9\" data-element_type=\"section\">\n\t\t\t\t\t\t<div class=\"elementor-container elementor-column-gap-default\">\n\t\t\t\t\t<div class=\"elementor-column elementor-col-100 elementor-top-column elementor-element elementor-element-d0c0661\" data-id=\"d0c0661\" data-element_type=\"column\">\n\t\t\t<div class=\"elementor-widget-wrap elementor-element-populated\">\n\t\t\t\t\t\t<div class=\"elementor-element elementor-element-7e90b4f elementor-widget elementor-widget-heading\" data-id=\"7e90b4f\" data-element_type=\"widget\" data-widget_type=\"heading.default\">\n\t\t\t\t<div class=\"elementor-widget-container\">\n\t\t\t<h2 class=\"elementor-heading-title elementor-size-default\">Estructura matricial<\/h2>\t\t<\/div>\n\t\t\t\t<\/div>\n\t\t\t\t<div class=\"elementor-element elementor-element-0033a95 elementor-widget-divider--view-line elementor-widget elementor-widget-divider\" data-id=\"0033a95\" data-element_type=\"widget\" data-widget_type=\"divider.default\">\n\t\t\t\t<div class=\"elementor-widget-container\">\n\t\t\t\t\t<div class=\"elementor-divider\">\n\t\t\t<span class=\"elementor-divider-separator\">\n\t\t\t\t\t\t<\/span>\n\t\t<\/div>\n\t\t\t\t<\/div>\n\t\t\t\t<\/div>\n\t\t\t\t<div class=\"elementor-element elementor-element-79de9a0 elementor-widget elementor-widget-text-editor\" data-id=\"79de9a0\" data-element_type=\"widget\" data-widget_type=\"text-editor.default\">\n\t\t\t\t<div class=\"elementor-widget-container\">\n\t\t\t\t\t\t\t<p>La terminologia ATIC \u00e9s un llenguatge d &#8216;interf\u00edcies, no una classificaci\u00f3 .<\/p><p>La seva estructura \u00e9s matricial. No taxon\u00f2mica .<\/p><p>La terminologia ATIC s&#8217;estructura en tres capes ontol\u00f2giques: elements estructurants, b\u00e0sics i moleculars \/ at\u00f2mics.<\/p>\t\t\t\t\t\t<\/div>\n\t\t\t\t<\/div>\n\t\t\t\t<div class=\"elementor-element elementor-element-ad537f3 elementor-widget elementor-widget-image\" data-id=\"ad537f3\" data-element_type=\"widget\" data-widget_type=\"image.default\">\n\t\t\t\t<div class=\"elementor-widget-container\">\n\t\t\t\t\t\t\t\t\t\t\t\t\t<img fetchpriority=\"high\" decoding=\"async\" width=\"780\" height=\"474\" src=\"http:\/\/server3.testwalking.com\/test\/atic-wp\/wp-content\/uploads\/2021\/08\/2.1_ca-1024x622.png\" class=\"attachment-large size-large wp-image-767\" alt=\"\" srcset=\"http:\/\/server3.testwalking.com\/test\/atic-wp\/wp-content\/uploads\/2021\/08\/2.1_ca-1024x622.png 1024w, http:\/\/server3.testwalking.com\/test\/atic-wp\/wp-content\/uploads\/2021\/08\/2.1_ca-300x182.png 300w, http:\/\/server3.testwalking.com\/test\/atic-wp\/wp-content\/uploads\/2021\/08\/2.1_ca-768x466.png 768w, http:\/\/server3.testwalking.com\/test\/atic-wp\/wp-content\/uploads\/2021\/08\/2.1_ca-1536x933.png 1536w, http:\/\/server3.testwalking.com\/test\/atic-wp\/wp-content\/uploads\/2021\/08\/2.1_ca-2048x1243.png 2048w\" sizes=\"(max-width: 780px) 100vw, 780px\" \/>\t\t\t\t\t\t\t\t\t\t\t\t\t<\/div>\n\t\t\t\t<\/div>\n\t\t\t\t<div class=\"elementor-element elementor-element-d2bfe61 eael-table-align-center eael-dt-th-align-left elementor-widget elementor-widget-eael-data-table\" data-id=\"d2bfe61\" data-element_type=\"widget\" data-widget_type=\"eael-data-table.default\">\n\t\t\t\t<div class=\"elementor-widget-container\">\n\t\t\t\t\t<div class=\"eael-data-table-wrap\" data-table_id=\"d2bfe61\" id=\"eael-data-table-wrapper-d2bfe61\" data-custom_responsive=\"false\">\n\t\t\t<table class=\"tablesorter eael-data-table center\" id=\"eael-data-table-d2bfe61\">\n\t\t\t    <thead>\n\t\t\t        <tr class=\"table-header\">\n\t\t\t\t\t\t\t\t\t            <th class=\"\" id=\"\" colspan=\"\">\n\t\t\t\t\t\t\t\t\t\t\t\t\t\t<span class=\"data-table-header-text\">Elements<\/span><\/th>\n\t\t\t        \t\t\t\t            <th class=\"\" id=\"\" colspan=\"\">\n\t\t\t\t\t\t\t\t\t\t\t\t\t\t<span class=\"data-table-header-text\">Significat<\/span><\/th>\n\t\t\t        \t\t\t\t            <th class=\"\" id=\"\" colspan=\"\">\n\t\t\t\t\t\t\t\t\t\t\t\t\t\t<span class=\"data-table-header-text\">Eixos<\/span><\/th>\n\t\t\t        \t\t\t\t            <th class=\"\" id=\"\" colspan=\"\">\n\t\t\t\t\t\t\t\t\t\t\t\t\t\t<span class=\"data-table-header-text\">Tipus<\/span><\/th>\n\t\t\t        \t\t\t\t        <\/tr>\n\t\t\t    <\/thead>\n\t\t\t  \t<tbody>\n\t\t\t\t\t\t\t\t\t\t\t<tr>\n\t\t\t\t\t\t\t\t\t\t\t\t\t\t\t\t   \t\t\t\t\t\t\t\t\t\t\t<td colspan=\"\" rowspan=\"\" class=\"\" id=\"\">\n\t\t\t\t\t\t\t\t\t\t\t\t<div class=\"td-content-wrapper\"><div class=\"td-content\"><p>Estructurants<\/p><\/div><\/div>\n\t\t\t\t\t\t\t\t\t\t\t<\/td>\n\t\t\t\t\t\t\t\t\t\t\t\t\t\t\t\t\t\t\t\t\t\t\t\t\t\t\t\t\t   \t\t\t\t\t\t\t\t\t\t\t<td colspan=\"\" rowspan=\"\" class=\"\" id=\"\">\n\t\t\t\t\t\t\t\t\t\t\t\t<div class=\"td-content-wrapper\"><div class=\"td-content\"><p><strong>Agrupadors conceptuals<\/strong><\/p><p><strong>Alt nivell d'abstracci\u00f3<\/strong><\/p><\/div><\/div>\n\t\t\t\t\t\t\t\t\t\t\t<\/td>\n\t\t\t\t\t\t\t\t\t\t\t\t\t\t\t\t\t\t\t\t\t\t\t\t\t\t\t\t\t   \t\t\t\t\t\t\t\t\t\t\t<td colspan=\"\" rowspan=\"\" class=\"\" id=\"\">\n\t\t\t\t\t\t\t\t\t\t\t\t<div class=\"td-content-wrapper\"><div class=\"td-content\"><p><span>Tots<\/span><\/p><\/div><\/div>\n\t\t\t\t\t\t\t\t\t\t\t<\/td>\n\t\t\t\t\t\t\t\t\t\t\t\t\t\t\t\t\t\t\t\t\t\t\t\t\t\t\t\t\t   \t\t\t\t\t\t\t\t\t\t\t<td colspan=\"\" rowspan=\"\" class=\"\" id=\"\">\n\t\t\t\t\t\t\t\t\t\t\t\t<div class=\"td-content-wrapper\"><div class=\"td-content\"><p><span>Dimensions<\/span><\/p><p><span>Categories<\/span><\/p><p><span>Components<\/span><\/p><p><span>Metaconceptos<\/span><\/p><p><span>Altres agrupadors<\/span><\/p><\/div><\/div>\n\t\t\t\t\t\t\t\t\t\t\t<\/td>\n\t\t\t\t\t\t\t\t\t\t\t\t\t\t\t\t\t\t\t\t\t\t\t\t\t\t<\/tr>\n\t\t\t        \t\t\t\t\t\t<tr>\n\t\t\t\t\t\t\t\t\t\t\t\t\t\t\t\t   \t\t\t\t\t\t\t\t\t\t\t<td colspan=\"\" rowspan=\"\" class=\"\" id=\"\">\n\t\t\t\t\t\t\t\t\t\t\t\t<div class=\"td-content-wrapper\"><div class=\"td-content\"><p><span>B\u00e0sics<\/span><\/p><\/div><\/div>\n\t\t\t\t\t\t\t\t\t\t\t<\/td>\n\t\t\t\t\t\t\t\t\t\t\t\t\t\t\t\t\t\t\t\t\t\t\t\t\t\t\t\t\t   \t\t\t\t\t\t\t\t\t\t\t<td colspan=\"\" rowspan=\"\" class=\"\" id=\"\">\n\t\t\t\t\t\t\t\t\t\t\t\t<div class=\"td-content-wrapper\"><div class=\"td-content\"><p><strong><span class=\"\">Constructes d'inter\u00e8s<\/span><\/strong><\/p><\/div><\/div>\n\t\t\t\t\t\t\t\t\t\t\t<\/td>\n\t\t\t\t\t\t\t\t\t\t\t\t\t\t\t\t\t\t\t\t\t\t\t\t\t\t\t\t\t   \t\t\t\t\t\t\t\t\t\t\t<td colspan=\"\" rowspan=\"\" class=\"\" id=\"\">\n\t\t\t\t\t\t\t\t\t\t\t\t<div class=\"td-content-wrapper\"><div class=\"td-content\"><p><span>Eixos principals<\/span><\/p><\/div><\/div>\n\t\t\t\t\t\t\t\t\t\t\t<\/td>\n\t\t\t\t\t\t\t\t\t\t\t\t\t\t\t\t\t\t\t\t\t\t\t\t\t\t\t\t\t   \t\t\t\t\t\t\t\t\t\t\t<td colspan=\"\" rowspan=\"\" class=\"\" id=\"\">\n\t\t\t\t\t\t\t\t\t\t\t\t<div class=\"td-content-wrapper\"><div class=\"td-content\"><p><span>Variables de valoraci\u00f3 \/ resultat<\/span><\/p><p><span>Diagn\u00f2stics<\/span><\/p><p><span>Intervencions<\/span><\/p><\/div><\/div>\n\t\t\t\t\t\t\t\t\t\t\t<\/td>\n\t\t\t\t\t\t\t\t\t\t\t\t\t\t\t\t\t\t\t\t\t\t\t\t\t\t<\/tr>\n\t\t\t        \t\t\t\t\t\t<tr>\n\t\t\t\t\t\t\t\t\t\t\t\t\t\t\t\t   \t\t\t\t\t\t\t\t\t\t\t<td colspan=\"\" rowspan=\"\" class=\"\" id=\"\">\n\t\t\t\t\t\t\t\t\t\t\t\t<div class=\"td-content-wrapper\"><div class=\"td-content\"><p><span><span class=\"\">Moleculars i at\u00f2mics<\/span><\/span><\/p><\/div><\/div>\n\t\t\t\t\t\t\t\t\t\t\t<\/td>\n\t\t\t\t\t\t\t\t\t\t\t\t\t\t\t\t\t\t\t\t\t\t\t\t\t\t\t\t\t   \t\t\t\t\t\t\t\t\t\t\t<td colspan=\"\" rowspan=\"\" class=\"\" id=\"\">\n\t\t\t\t\t\t\t\t\t\t\t\t<div class=\"td-content-wrapper\"><div class=\"td-content\"><p><strong>Unitats conceptuals interm\u00e8dies i essencials.\u00a0 <\/strong><\/p><p><span><strong>Permeten incrementar l'especificitat dels elements b\u00e0sics.<\/strong> <\/span><\/p><\/div><\/div>\n\t\t\t\t\t\t\t\t\t\t\t<\/td>\n\t\t\t\t\t\t\t\t\t\t\t\t\t\t\t\t\t\t\t\t\t\t\t\t\t\t\t\t\t   \t\t\t\t\t\t\t\t\t\t\t<td colspan=\"\" rowspan=\"\" class=\"\" id=\"\">\n\t\t\t\t\t\t\t\t\t\t\t\t<div class=\"td-content-wrapper\"><div class=\"td-content\"><p><span>Eixos principals<\/span><\/p><p><span>Eixos secundaris<\/span><\/p><\/div><\/div>\n\t\t\t\t\t\t\t\t\t\t\t<\/td>\n\t\t\t\t\t\t\t\t\t\t\t\t\t\t\t\t\t\t\t\t\t\t\t\t\t\t\t\t\t   \t\t\t\t\t\t\t\t\t\t\t<td colspan=\"\" rowspan=\"\" class=\"\" id=\"\">\n\t\t\t\t\t\t\t\t\t\t\t\t<div class=\"td-content-wrapper\"><div class=\"td-content\"><p><span>Par\u00e0metres de valoraci\u00f3<\/span><\/p><p><span>Activitats<\/span><\/p><p><span>Accions i condicions<\/span><\/p><p><span>Atributs<\/span><\/p><p><span>Beneficiaris<\/span><\/p><p><span>Escales i Unitats<\/span><\/p><p><span>Espai, localitzaci\u00f3 i posici\u00f3<\/span><\/p><p><span>Focus<\/span><\/p><p><span>Judici<\/span><\/p><p><span>Productes, medicaments, aliments i subst\u00e0ncies<\/span><\/p><p><span>Recursos, mitjans i context<\/span><\/p><p><span>Temporalitat<\/span><\/p><\/div><\/div>\n\t\t\t\t\t\t\t\t\t\t\t<\/td>\n\t\t\t\t\t\t\t\t\t\t\t\t\t\t\t\t\t\t\t\t\t\t\t\t\t\t<\/tr>\n\t\t\t        \t\t\t    <\/tbody>\n\t\t\t<\/table>\n\t\t<\/div>\n\t  \t\t\t<\/div>\n\t\t\t\t<\/div>\n\t\t\t\t<div class=\"elementor-element elementor-element-6e3cc23 elementor-widget elementor-widget-heading\" data-id=\"6e3cc23\" data-element_type=\"widget\" data-widget_type=\"heading.default\">\n\t\t\t\t<div class=\"elementor-widget-container\">\n\t\t\t<h2 class=\"elementor-heading-title elementor-size-default\">Elements estructurants <\/h2>\t\t<\/div>\n\t\t\t\t<\/div>\n\t\t\t\t<div class=\"elementor-element elementor-element-fc39706 elementor-widget-divider--view-line elementor-widget elementor-widget-divider\" data-id=\"fc39706\" data-element_type=\"widget\" data-widget_type=\"divider.default\">\n\t\t\t\t<div class=\"elementor-widget-container\">\n\t\t\t\t\t<div class=\"elementor-divider\">\n\t\t\t<span class=\"elementor-divider-separator\">\n\t\t\t\t\t\t<\/span>\n\t\t<\/div>\n\t\t\t\t<\/div>\n\t\t\t\t<\/div>\n\t\t\t\t<div class=\"elementor-element elementor-element-32a787e elementor-widget elementor-widget-text-editor\" data-id=\"32a787e\" data-element_type=\"widget\" data-widget_type=\"text-editor.default\">\n\t\t\t\t<div class=\"elementor-widget-container\">\n\t\t\t\t\t\t\t<p>Els elements estructurants en ATIC deriven de la conceptualitzaci\u00f3 interpretativa dels constructes de l&#8217;metaparadigma infermer, definit per Jacqueline Fawcett en els anys 80 de l&#8217; s.XX : persona, salut, entorn i infermeria.<\/p><p>La conceptualitzaci\u00f3 interpretativa dels constructes de l&#8217;metaparadigma realitzada per la Dra. Juv\u00e9-Udina , i publicada en diversos articles cient\u00edfics en 2012, planteja una re-conceptualitzaci\u00f3 que il\u00b7lustra l&#8217;articulaci\u00f3 (estructura) de la terminologia i ontologies ATIC. A efectes pr\u00e0ctics, l&#8217;\u00fas dels elements estructurants de ATIC en els sistemes d&#8217;informaci\u00f3 assistencials, per a la representaci\u00f3 de l&#8217;proc\u00e9s de prestaci\u00f3 de cures i els seus resultats, permet l&#8217;agrupaci\u00f3 i facilita l&#8217;ordenaci\u00f3 i la localitzaci\u00f3 d&#8217;elements i les seves relacions.<\/p><p>Els elements estructurants de ATIC tenen diferents nivells d&#8217;abstracci\u00f3 i poden emprar-se de forma matricial i inclouen: Dimensions, Categories, Components, Metaconceptos i Altres agrupadors secundaris.<\/p>\t\t\t\t\t\t<\/div>\n\t\t\t\t<\/div>\n\t\t\t\t<div class=\"elementor-element elementor-element-9658d46 eael-table-align-center eael-dt-th-align-left elementor-widget elementor-widget-eael-data-table\" data-id=\"9658d46\" data-element_type=\"widget\" data-widget_type=\"eael-data-table.default\">\n\t\t\t\t<div class=\"elementor-widget-container\">\n\t\t\t\t\t<div class=\"eael-data-table-wrap\" data-table_id=\"9658d46\" id=\"eael-data-table-wrapper-9658d46\" data-custom_responsive=\"false\">\n\t\t\t<table class=\"tablesorter eael-data-table center\" id=\"eael-data-table-9658d46\">\n\t\t\t    <thead>\n\t\t\t        <tr class=\"table-header\">\n\t\t\t\t\t\t\t\t\t            <th class=\"\" id=\"\" colspan=\"\">\n\t\t\t\t\t\t\t\t\t\t\t\t\t\t<span class=\"data-table-header-text\">Element estructurant<\/span><\/th>\n\t\t\t        \t\t\t\t            <th class=\"\" id=\"\" colspan=\"\">\n\t\t\t\t\t\t\t\t\t\t\t\t\t\t<span class=\"data-table-header-text\">Caracter\u00edstiques principals<\/span><\/th>\n\t\t\t        \t\t\t\t            <th class=\"\" id=\"\" colspan=\"\">\n\t\t\t\t\t\t\t\t\t\t\t\t\t\t<span class=\"data-table-header-text\">Denominaci\u00f3 ATIC<\/span><\/th>\n\t\t\t        \t\t\t\t        <\/tr>\n\t\t\t    <\/thead>\n\t\t\t  \t<tbody>\n\t\t\t\t\t\t\t\t\t\t\t<tr>\n\t\t\t\t\t\t\t\t\t\t\t\t\t\t\t\t   \t\t\t\t\t\t\t\t\t\t\t<td colspan=\"\" rowspan=\"\" class=\"\" id=\"\">\n\t\t\t\t\t\t\t\t\t\t\t\t<div class=\"td-content-wrapper\"><div class=\"td-content\"><p><span>Dimensi<\/span><span>ons<\/span><\/p><\/div><\/div>\n\t\t\t\t\t\t\t\t\t\t\t<\/td>\n\t\t\t\t\t\t\t\t\t\t\t\t\t\t\t\t\t\t\t\t\t\t\t\t\t\t\t\t\t   \t\t\t\t\t\t\t\t\t\t\t<td colspan=\"\" rowspan=\"\" class=\"\" id=\"\">\n\t\t\t\t\t\t\t\t\t\t\t\t<div class=\"td-content-wrapper\"><div class=\"td-content\"><p><strong><span class=\"\">Agrupador de <\/span><span class=\"\">alt <\/span><span class=\"\">nivell d'abstracci\u00f3.<\/span><\/strong><\/p><p><strong>Configura un domini (constructe) format per diverses entitats relacionades.<\/strong><\/p><p><strong>Les dimensions s\u00f3n comuns en l'eix valoraci\u00f3 i l'eix diagn\u00f2stic. <\/strong><\/p><p><strong>L'eix intervenci\u00f3 t\u00e9 les seves pr\u00f2pies dimensions.<\/strong><\/p><\/div><\/div>\n\t\t\t\t\t\t\t\t\t\t\t<\/td>\n\t\t\t\t\t\t\t\t\t\t\t\t\t\t\t\t\t\t\t\t\t\t\t\t\t\t\t\t\t   \t\t\t\t\t\t\t\t\t\t\t<td colspan=\"\" rowspan=\"\" class=\"\" id=\"\">\n\t\t\t\t\t\t\t\t\t\t\t\t<div class=\"td-content-wrapper\"><div class=\"td-content\"><p><span>Ser f\u00edsic<\/span><\/p><p><span>Ser conscient<\/span><\/p><p><span>Ser aut\u00f2nom<\/span><\/p><p><span>Interseccions<\/span><\/p><p><span>Integralitat<\/span><\/p><p><span>Entorn familiar<\/span><\/p><p><span>Entorn social<\/span><\/p><p><span>Entorn natural<\/span><\/p><\/div><\/div>\n\t\t\t\t\t\t\t\t\t\t\t<\/td>\n\t\t\t\t\t\t\t\t\t\t\t\t\t\t\t\t\t\t\t\t\t\t\t\t\t\t<\/tr>\n\t\t\t        \t\t\t\t\t\t<tr>\n\t\t\t\t\t\t\t\t\t\t\t\t\t\t\t\t   \t\t\t\t\t\t\t\t\t\t\t<td colspan=\"\" rowspan=\"\" class=\"\" id=\"\">\n\t\t\t\t\t\t\t\t\t\t\t\t<div class=\"td-content-wrapper\"><div class=\"td-content\"><p><span><span class=\"goog-text-highlight\">Categories<\/span><\/span><\/p><\/div><\/div>\n\t\t\t\t\t\t\t\t\t\t\t<\/td>\n\t\t\t\t\t\t\t\t\t\t\t\t\t\t\t\t\t\t\t\t\t\t\t\t\t\t\t\t\t   \t\t\t\t\t\t\t\t\t\t\t<td colspan=\"\" rowspan=\"\" class=\"\" id=\"\">\n\t\t\t\t\t\t\t\t\t\t\t\t<div class=\"td-content-wrapper\"><div class=\"td-content\"><p><strong>Agrupador d'alt nivell d'abstracci\u00f3.<\/strong><\/p><p><strong>Configura un conjunt de tipologies abstractes d'atributs, que permeten organitzar els conceptes b\u00e0sics.\u00a0<\/strong><\/p><p><strong>Cada eix t\u00e9 les seves categories.<\/strong><\/p><\/div><\/div>\n\t\t\t\t\t\t\t\t\t\t\t<\/td>\n\t\t\t\t\t\t\t\t\t\t\t\t\t\t\t\t\t\t\t\t\t\t\t\t\t\t\t\t\t   \t\t\t\t\t\t\t\t\t\t\t<td colspan=\"\" rowspan=\"\" class=\"\" id=\"\">\n\t\t\t\t\t\t\t\t\t\t\t\t<div class=\"td-content-wrapper\"><div class=\"td-content\"><p><span>Desequilibri de pressions, nivells o volums<\/span><\/p><p><span>Desorganitzaci\u00f3 de l'activitat, el ritme o la reactivitat<\/span><\/p><p><span>Distorsi\u00f3 perceptual o interpretativa<\/span><\/p><p><span>Emissi\u00f3, expulsi\u00f3, p\u00e8rdua o exterioritzaci\u00f3 disruptiva<\/span><\/p><p><span>Esfor\u00e7, inter\u00e8s o predisposici\u00f3<\/span><\/p><p><span>(...)<\/span><\/p><\/div><\/div>\n\t\t\t\t\t\t\t\t\t\t\t<\/td>\n\t\t\t\t\t\t\t\t\t\t\t\t\t\t\t\t\t\t\t\t\t\t\t\t\t\t<\/tr>\n\t\t\t        \t\t\t\t\t\t<tr>\n\t\t\t\t\t\t\t\t\t\t\t\t\t\t\t\t   \t\t\t\t\t\t\t\t\t\t\t<td colspan=\"\" rowspan=\"\" class=\"\" id=\"\">\n\t\t\t\t\t\t\t\t\t\t\t\t<div class=\"td-content-wrapper\"><div class=\"td-content\"><p><span>Components<\/span><\/p><\/div><\/div>\n\t\t\t\t\t\t\t\t\t\t\t<\/td>\n\t\t\t\t\t\t\t\t\t\t\t\t\t\t\t\t\t\t\t\t\t\t\t\t\t\t\t\t\t   \t\t\t\t\t\t\t\t\t\t\t<td colspan=\"\" rowspan=\"\" class=\"\" id=\"\">\n\t\t\t\t\t\t\t\t\t\t\t\t<div class=\"td-content-wrapper\"><div class=\"td-content\"><p><strong>Agrupador de nivell d'abstracci\u00f3 alt- intermedi.<\/strong><\/p><p><strong>Compartit en els tres eixos principals d'ATIC<\/strong><\/p><p><span><strong>Inclou entitats (parts) de les diferents dimensions.<\/strong> <\/span><\/p><\/div><\/div>\n\t\t\t\t\t\t\t\t\t\t\t<\/td>\n\t\t\t\t\t\t\t\t\t\t\t\t\t\t\t\t\t\t\t\t\t\t\t\t\t\t\t\t\t   \t\t\t\t\t\t\t\t\t\t\t<td colspan=\"\" rowspan=\"\" class=\"\" id=\"\">\n\t\t\t\t\t\t\t\t\t\t\t\t<div class=\"td-content-wrapper\"><div class=\"td-content\"><p><span>Adaptatiu emocional<\/span><\/p><p><span>Autocura<\/span><\/p><p><span>Autoconceptual<\/span><\/p><p><span>Autodeterminaci\u00f3<\/span><\/p><p><span>Cardiocirculatori<\/span><\/p><p><span>Desenvolupament<\/span><\/p><p><span>Digestiu<\/span><\/p><p><span>Dom\u00e8stic<\/span><\/p><p><span>Espiritual<\/span><\/p><p><span>Homeost\u00e0tic excretor<\/span><\/p><p><span>Inmunohematol\u00f3gico<\/span><\/p><p><span>Interaccional<\/span><\/p><p><span>Locomotor<\/span><\/p><p><span>Multicomponent<\/span><\/p><p><span>Multisist\u00e8mic<\/span><\/p><p><span>Neurocomportamental<\/span><\/p><p><span>Neurocognitiu<\/span><\/p><p><span>Neuromotor<\/span><\/p><p><span>Neurorregulador<\/span><\/p><p><span>Nutricional metab\u00f2lic<\/span><\/p><p><span>Reproductor<\/span><\/p><p><span>Respiratori<\/span><\/p><p><span>Sensoperceptual<\/span><\/p><p><span>Tegumentario<\/span><\/p><p><span>(...)<\/span><\/p><\/div><\/div>\n\t\t\t\t\t\t\t\t\t\t\t<\/td>\n\t\t\t\t\t\t\t\t\t\t\t\t\t\t\t\t\t\t\t\t\t\t\t\t\t\t<\/tr>\n\t\t\t        \t\t\t\t\t\t<tr>\n\t\t\t\t\t\t\t\t\t\t\t\t\t\t\t\t   \t\t\t\t\t\t\t\t\t\t\t<td colspan=\"\" rowspan=\"\" class=\"\" id=\"\">\n\t\t\t\t\t\t\t\t\t\t\t\t<div class=\"td-content-wrapper\"><div class=\"td-content\"><p>Metaconceptes<\/p><\/div><\/div>\n\t\t\t\t\t\t\t\t\t\t\t<\/td>\n\t\t\t\t\t\t\t\t\t\t\t\t\t\t\t\t\t\t\t\t\t\t\t\t\t\t\t\t\t   \t\t\t\t\t\t\t\t\t\t\t<td colspan=\"\" rowspan=\"\" class=\"\" id=\"\">\n\t\t\t\t\t\t\t\t\t\t\t\t<div class=\"td-content-wrapper\"><div class=\"td-content\"><p>Constructes agrupadors d'abstracci\u00f3 alta-interm\u00e8dia.<\/p><p>Empleats per tipificar camps conceptuals o tem\u00e0tiques.<\/p><p>Poden actuar com a nodes de coneixement infermer i punts denlla\u00e7 entre diferents sistemes terminol\u00f2gics o llenguatges estandarditzats.<\/p><p>Poden actuar com a nodes de coneixement interdisciplinar i punts denlla\u00e7 amb classificacions o vocabularis de refer\u00e8ncia daltres disciplines.<\/p><\/div><\/div>\n\t\t\t\t\t\t\t\t\t\t\t<\/td>\n\t\t\t\t\t\t\t\t\t\t\t\t\t\t\t\t\t\t\t\t\t\t\t\t\t\t\t\t\t   \t\t\t\t\t\t\t\t\t\t\t<td colspan=\"\" rowspan=\"\" class=\"\" id=\"\">\n\t\t\t\t\t\t\t\t\t\t\t\t<div class=\"td-content-wrapper\"><div class=\"td-content\"><p>Activitats de la vida di\u00e0ria<\/p><p>Adaptaci\u00f3 a la vida extrauterina<\/p><p>Adher\u00e8ncia<\/p><p>Autoconcepte<\/p><p>Cinest\u00e8sia<\/p><p>Comunicaci\u00f3<\/p><p>Conductes lesives<\/p><p>Conductes saludables<\/p><p>Dolor<\/p><p>Embar\u00e0s<\/p><p>Energia vital<\/p><p>Equilibri acidob\u00e0sic<\/p><p>Equilibri hidroelectrol\u00edtic<\/p><p>Estat d'\u00e0nim<\/p><p>Estat general<\/p><p>Estat mental<\/p><p>Estr\u00e8s<\/p><p>(\u2026)<\/p><p>Tasques d'afrontament<\/p><p>Tasques de desenvolupament<\/p><p>Termorregulaci\u00f3<\/p><p>Valors<\/p><p>Ventilaci\u00f3<\/p><p>Voluntat<\/p><\/div><\/div>\n\t\t\t\t\t\t\t\t\t\t\t<\/td>\n\t\t\t\t\t\t\t\t\t\t\t\t\t\t\t\t\t\t\t\t\t\t\t\t\t\t<\/tr>\n\t\t\t        \t\t\t    <\/tbody>\n\t\t\t<\/table>\n\t\t<\/div>\n\t  \t\t\t<\/div>\n\t\t\t\t<\/div>\n\t\t\t\t\t<\/div>\n\t\t<\/div>\n\t\t\t\t\t<\/div>\n\t\t<\/section>\n\t\t\t\t<\/div>\n\t\t","protected":false},"excerpt":{"rendered":"<p>Estructura matricial La terminologia ATIC \u00e9s un llenguatge d &#8216;interf\u00edcies, no una classificaci\u00f3 . La seva estructura \u00e9s matricial. No taxon\u00f2mica . La terminologia ATIC s&#8217;estructura en tres capes ontol\u00f2giques: elements estructurants, b\u00e0sics i moleculars \/ at\u00f2mics. Elementos Significat Eixos Tipus Estructurants Agrupadors conceptuals Alt nivell d&#8217;abstracci\u00f3 Tots Dimensions Categories Components Metaconceptos Altres agrupadors B\u00e0sics<\/p>\n<footer class=\"entry-footer index-entry\">\n<div class=\"post-social pull-left\"><a href=\"https:\/\/www.facebook.com\/sharer\/sharer.php?u=http%3A%2F%2Fserver3.testwalking.com%2Ftest%2Fatic-wp%2Festructura-matricial-2%2F\" target=\"_blank\" class=\"social-icons\"><i class=\"fa fa-facebook\" aria-hidden=\"true\"><\/i><\/a><a href=\"https:\/\/twitter.com\/home?status=http%3A%2F%2Fserver3.testwalking.com%2Ftest%2Fatic-wp%2Festructura-matricial-2%2F\" target=\"_blank\" class=\"social-icons\"><i class=\"fa fa-twitter\" aria-hidden=\"true\"><\/i><\/a><a href=\"https:\/\/www.linkedin.com\/shareArticle?mini=true&#038;url=http%3A%2F%2Fserver3.testwalking.com%2Ftest%2Fatic-wp%2Festructura-matricial-2%2F&#038;title=Estructura+matricial\" target=\"_blank\" class=\"social-icons\"><i class=\"fa fa-linkedin\" aria-hidden=\"true\"><\/i><\/a><\/div>\n<p class=\"link-more\"><a href=\"http:\/\/server3.testwalking.com\/test\/atic-wp\/estructura-matricial-2\/\" class=\"more-link\">Continue reading <span class=\"meta-nav\">\u2192<\/span><\/a><\/p>\n<\/footer>\n","protected":false},"author":1,"featured_media":0,"parent":0,"menu_order":0,"comment_status":"closed","ping_status":"closed","template":"","meta":{"footnotes":""},"acf":[],"_links":{"self":[{"href":"http:\/\/server3.testwalking.com\/test\/atic-wp\/wp-json\/wp\/v2\/pages\/764"}],"collection":[{"href":"http:\/\/server3.testwalking.com\/test\/atic-wp\/wp-json\/wp\/v2\/pages"}],"about":[{"href":"http:\/\/server3.testwalking.com\/test\/atic-wp\/wp-json\/wp\/v2\/types\/page"}],"author":[{"embeddable":true,"href":"http:\/\/server3.testwalking.com\/test\/atic-wp\/wp-json\/wp\/v2\/users\/1"}],"replies":[{"embeddable":true,"href":"http:\/\/server3.testwalking.com\/test\/atic-wp\/wp-json\/wp\/v2\/comments?post=764"}],"version-history":[{"count":19,"href":"http:\/\/server3.testwalking.com\/test\/atic-wp\/wp-json\/wp\/v2\/pages\/764\/revisions"}],"predecessor-version":[{"id":1492,"href":"http:\/\/server3.testwalking.com\/test\/atic-wp\/wp-json\/wp\/v2\/pages\/764\/revisions\/1492"}],"wp:attachment":[{"href":"http:\/\/server3.testwalking.com\/test\/atic-wp\/wp-json\/wp\/v2\/media?parent=764"}],"curies":[{"name":"wp","href":"https:\/\/api.w.org\/{rel}","templated":true}]}}