{"id":432,"date":"2021-08-11T19:11:51","date_gmt":"2021-08-11T19:11:51","guid":{"rendered":"http:\/\/server3.testwalking.com\/test\/atic-wp\/?page_id=432"},"modified":"2024-04-05T14:46:02","modified_gmt":"2024-04-05T14:46:02","slug":"autora_ca","status":"publish","type":"page","link":"http:\/\/server3.testwalking.com\/test\/atic-wp\/autora_ca\/","title":{"rendered":"Autora"},"content":{"rendered":"\t\t<div data-elementor-type=\"wp-page\" data-elementor-id=\"432\" class=\"elementor elementor-432\">\n\t\t\t\t\t\t<section class=\"elementor-section elementor-top-section elementor-element elementor-element-bbf935e card-div elementor-section-boxed elementor-section-height-default elementor-section-height-default\" data-id=\"bbf935e\" data-element_type=\"section\">\n\t\t\t\t\t\t<div class=\"elementor-container elementor-column-gap-default\">\n\t\t\t\t\t<div class=\"elementor-column elementor-col-100 elementor-top-column elementor-element elementor-element-ff04b1a\" data-id=\"ff04b1a\" data-element_type=\"column\">\n\t\t\t<div class=\"elementor-widget-wrap elementor-element-populated\">\n\t\t\t\t\t\t<div class=\"elementor-element elementor-element-21ad860 elementor-widget elementor-widget-heading\" data-id=\"21ad860\" data-element_type=\"widget\" data-widget_type=\"heading.default\">\n\t\t\t\t<div class=\"elementor-widget-container\">\n\t\t\t<h2 class=\"elementor-heading-title elementor-size-default\">Autora<\/h2>\t\t<\/div>\n\t\t\t\t<\/div>\n\t\t\t\t<div class=\"elementor-element elementor-element-54a9387 elementor-widget-divider--view-line elementor-widget elementor-widget-divider\" data-id=\"54a9387\" data-element_type=\"widget\" data-widget_type=\"divider.default\">\n\t\t\t\t<div class=\"elementor-widget-container\">\n\t\t\t\t\t<div class=\"elementor-divider\">\n\t\t\t<span class=\"elementor-divider-separator\">\n\t\t\t\t\t\t<\/span>\n\t\t<\/div>\n\t\t\t\t<\/div>\n\t\t\t\t<\/div>\n\t\t\t\t<div class=\"elementor-element elementor-element-0889485 elementor-widget elementor-widget-image\" data-id=\"0889485\" data-element_type=\"widget\" data-widget_type=\"image.default\">\n\t\t\t\t<div class=\"elementor-widget-container\">\n\t\t\t\t\t\t\t\t\t\t\t\t\t<img fetchpriority=\"high\" decoding=\"async\" width=\"300\" height=\"300\" src=\"http:\/\/server3.testwalking.com\/test\/atic-wp\/wp-content\/uploads\/2021\/08\/Lala-300x300.jpeg\" class=\"attachment-medium size-medium wp-image-555\" alt=\"\" srcset=\"http:\/\/server3.testwalking.com\/test\/atic-wp\/wp-content\/uploads\/2021\/08\/Lala-300x300.jpeg 300w, http:\/\/server3.testwalking.com\/test\/atic-wp\/wp-content\/uploads\/2021\/08\/Lala-150x150.jpeg 150w, http:\/\/server3.testwalking.com\/test\/atic-wp\/wp-content\/uploads\/2021\/08\/Lala.jpeg 554w\" sizes=\"(max-width: 300px) 100vw, 300px\" \/>\t\t\t\t\t\t\t\t\t\t\t\t\t<\/div>\n\t\t\t\t<\/div>\n\t\t\t\t<div class=\"elementor-element elementor-element-331b7d1 elementor-widget elementor-widget-heading\" data-id=\"331b7d1\" data-element_type=\"widget\" data-widget_type=\"heading.default\">\n\t\t\t\t<div class=\"elementor-widget-container\">\n\t\t\t<h2 class=\"elementor-heading-title elementor-size-default\">Maria Eul\u00e0lia Juv\u00e9 Udina<\/h2>\t\t<\/div>\n\t\t\t\t<\/div>\n\t\t\t\t<div class=\"elementor-element elementor-element-cffca71 elementor-widget elementor-widget-text-editor\" data-id=\"cffca71\" data-element_type=\"widget\" data-widget_type=\"text-editor.default\">\n\t\t\t\t<div class=\"elementor-widget-container\">\n\t\t\t\t\t\t\t<p><strong>FORMACI\u00d3<\/strong><\/p><p>Maria Eul\u00e0lia Juv\u00e9 Udina \u00e9s infermera. Formada en la cura a pacients en trasplantament pel National Health Service-National Cancer Institute (UK)<\/p><p>M\u00e0ster en Infermeria M\u00e8dico-Quir\u00fargica (Universitat de Barcelona)<\/p><p>Postgraduada en Investigaci\u00f3 Qualitativa en Ci\u00e8ncies de la Salut (Universitat Aut\u00f2noma de Barcelona) Formada en el programa Global Health Leadership Forum de gesti\u00f3 i economia sanit\u00e0ria (Berkeley University)<\/p><p>M\u00e0ster en lideratge i gesti\u00f3 dels serveis d&#8217;infermeria (Universitat de Barcelona)<\/p><p>Doctora en ci\u00e8ncies infermeres per la Universitat de Barcelona<\/p><p><strong>ASSISTENCIA<\/strong><\/p><p>Infermera assistencial en diferents unitats medico-quir\u00fargiques a l&#8217;Hospital Universitari de Bellvitge (Barcelona, 1990 \u2013 1992) tals com medicina interna i malalties infeccioses, aparell digestiu, hematologia cl\u00ednica o reanimaci\u00f3 postquir\u00fargica, entre altres.<\/p><p>Infermera assistencial en oncohematologia a l&#8217;Hospital Oncol\u00f2gic Duran i Reynals (Barcelona, 1992 \u2013 1995).<\/p><p>Infermera cl\u00ednica oncol\u00f2gica a l&#8217;Hospital Oncol\u00f2gic Duran i Reynals (1995-1997).<\/p><p><strong>GESTI\u00d3<\/strong><\/p><p>Infermera de suport a la gesti\u00f3 en el desenvolupament de plans de cures, millora de la qualitat, formaci\u00f3 continuada i finalment, gesti\u00f3 del coneixement i de la recerca a l&#8217;Hospital Universitari de Bellvitge (Barcelona, 1997- 2004).<\/p><p>Infermera adjunta a la Direcci\u00f3 per als 8 hospitals de l&#8217;Institut Catal\u00e0 de la Salut (ICS, Barcelona 2005 -).<\/p><p>Entre altres, ha dirigit el projecte COM_VA de definici\u00f3 i avaluaci\u00f3 de per\u00edcia cl\u00ednica infermera i el programa ARES d&#8217;harmonitzaci\u00f3 d&#8217;est\u00e0ndards de cures en l&#8217;\u00e0mbit hospitalari i sociosanitari, el projecte VIDA de Vigil\u00e0ncia i Identificaci\u00f3 preco\u00e7 del deteriorament agut, el projecte SIRENA de simplificaci\u00f3 dels registres i la navegaci\u00f3 en les estacions de treball infermeres i ha estat la responsable infermera en la implementaci\u00f3 del sistema d&#8217;historial cl\u00ednic electr\u00f2nic dels hospitals de l&#8217;ICS i altres centres partners. Tamb\u00e9 ha co-liderat la implantaci\u00f3 del programa ARES en atenci\u00f3 prim\u00e0ria (ICS 2005)<\/p><p><strong>DOCENCIA<\/strong><br \/>Ha estat docent col\u00b7laboradora en m\u00faltiples programes de formaci\u00f3 universit\u00e0ria en diferents universitats d&#8217;Espanya i des de 2009, professora associada i col\u00b7laboradora en els programes de m\u00e0ster i doctorat a la Facultat de Medicina i Ci\u00e8ncies de la Salut de la Universitat de Barcelona.<\/p><p><strong>RECERCA<\/strong><\/p><p>Cap del Grup d&#8217;Investigaci\u00f3 Infermera (GRIN) de l&#8217;Institut d&#8217;Investigaci\u00f3 Biom\u00e8dica de Bellvitge (IDIBELL, Barcelona 2013 \u2013 ).<\/p><p>Ha participat en m\u00faltiples projectes d&#8217;investigaci\u00f3. Ha publicat diversos llibres i m\u00e9s de 60 articles cient\u00edfics. Maria Eul\u00e0lia Juv\u00e9 \u00e9s l&#8217;autora d&#8217;ATIC.<\/p><p>\u00a0<\/p>\t\t\t\t\t\t<\/div>\n\t\t\t\t<\/div>\n\t\t\t\t\t<\/div>\n\t\t<\/div>\n\t\t\t\t\t<\/div>\n\t\t<\/section>\n\t\t\t\t<\/div>\n\t\t","protected":false},"excerpt":{"rendered":"<p>Autora Maria Eul\u00e0lia Juv\u00e9 Udina FORMACI\u00d3 Maria Eul\u00e0lia Juv\u00e9 Udina \u00e9s infermera. Formada en la cura a pacients en trasplantament pel National Health Service-National Cancer Institute (UK) M\u00e0ster en Infermeria M\u00e8dico-Quir\u00fargica (Universitat de Barcelona) Postgraduada en Investigaci\u00f3 Qualitativa en Ci\u00e8ncies de la Salut (Universitat Aut\u00f2noma de Barcelona) Formada en el programa Global Health Leadership Forum<\/p>\n<footer class=\"entry-footer index-entry\">\n<div class=\"post-social pull-left\"><a href=\"https:\/\/www.facebook.com\/sharer\/sharer.php?u=http%3A%2F%2Fserver3.testwalking.com%2Ftest%2Fatic-wp%2Fautora_ca%2F\" target=\"_blank\" class=\"social-icons\"><i class=\"fa fa-facebook\" aria-hidden=\"true\"><\/i><\/a><a href=\"https:\/\/twitter.com\/home?status=http%3A%2F%2Fserver3.testwalking.com%2Ftest%2Fatic-wp%2Fautora_ca%2F\" target=\"_blank\" class=\"social-icons\"><i class=\"fa fa-twitter\" aria-hidden=\"true\"><\/i><\/a><a href=\"https:\/\/www.linkedin.com\/shareArticle?mini=true&#038;url=http%3A%2F%2Fserver3.testwalking.com%2Ftest%2Fatic-wp%2Fautora_ca%2F&#038;title=Autora\" target=\"_blank\" class=\"social-icons\"><i class=\"fa fa-linkedin\" aria-hidden=\"true\"><\/i><\/a><\/div>\n<p class=\"link-more\"><a href=\"http:\/\/server3.testwalking.com\/test\/atic-wp\/autora_ca\/\" class=\"more-link\">Continue reading <span class=\"meta-nav\">\u2192<\/span><\/a><\/p>\n<\/footer>\n","protected":false},"author":1,"featured_media":0,"parent":0,"menu_order":0,"comment_status":"closed","ping_status":"closed","template":"","meta":{"footnotes":""},"acf":[],"_links":{"self":[{"href":"http:\/\/server3.testwalking.com\/test\/atic-wp\/wp-json\/wp\/v2\/pages\/432"}],"collection":[{"href":"http:\/\/server3.testwalking.com\/test\/atic-wp\/wp-json\/wp\/v2\/pages"}],"about":[{"href":"http:\/\/server3.testwalking.com\/test\/atic-wp\/wp-json\/wp\/v2\/types\/page"}],"author":[{"embeddable":true,"href":"http:\/\/server3.testwalking.com\/test\/atic-wp\/wp-json\/wp\/v2\/users\/1"}],"replies":[{"embeddable":true,"href":"http:\/\/server3.testwalking.com\/test\/atic-wp\/wp-json\/wp\/v2\/comments?post=432"}],"version-history":[{"count":22,"href":"http:\/\/server3.testwalking.com\/test\/atic-wp\/wp-json\/wp\/v2\/pages\/432\/revisions"}],"predecessor-version":[{"id":1544,"href":"http:\/\/server3.testwalking.com\/test\/atic-wp\/wp-json\/wp\/v2\/pages\/432\/revisions\/1544"}],"wp:attachment":[{"href":"http:\/\/server3.testwalking.com\/test\/atic-wp\/wp-json\/wp\/v2\/media?parent=432"}],"curies":[{"name":"wp","href":"https:\/\/api.w.org\/{rel}","templated":true}]}}