{"id":205,"date":"2021-08-10T21:05:43","date_gmt":"2021-08-10T21:05:43","guid":{"rendered":"http:\/\/server3.testwalking.com\/test\/atic-wp\/?page_id=205"},"modified":"2024-03-18T14:37:50","modified_gmt":"2024-03-18T14:37:50","slug":"caracteristiques","status":"publish","type":"page","link":"http:\/\/server3.testwalking.com\/test\/atic-wp\/caracteristiques\/","title":{"rendered":"Caracter\u00edstiques"},"content":{"rendered":"\t\t<div data-elementor-type=\"wp-page\" data-elementor-id=\"205\" class=\"elementor elementor-205\">\n\t\t\t\t\t\t<section class=\"elementor-section elementor-top-section elementor-element elementor-element-05bf457 card-div elementor-section-boxed elementor-section-height-default elementor-section-height-default\" data-id=\"05bf457\" data-element_type=\"section\">\n\t\t\t\t\t\t<div class=\"elementor-container elementor-column-gap-default\">\n\t\t\t\t\t<div class=\"elementor-column elementor-col-100 elementor-top-column elementor-element elementor-element-1fefd04\" data-id=\"1fefd04\" data-element_type=\"column\">\n\t\t\t<div class=\"elementor-widget-wrap elementor-element-populated\">\n\t\t\t\t\t\t<div class=\"elementor-element elementor-element-3481b05 elementor-widget elementor-widget-heading\" data-id=\"3481b05\" data-element_type=\"widget\" data-widget_type=\"heading.default\">\n\t\t\t\t<div class=\"elementor-widget-container\">\n\t\t\t<h2 class=\"elementor-heading-title elementor-size-default\">Caracter\u00edstiques de la terminologia ATIC<\/h2>\t\t<\/div>\n\t\t\t\t<\/div>\n\t\t\t\t<div class=\"elementor-element elementor-element-fc706a1 elementor-widget-divider--view-line elementor-widget elementor-widget-divider\" data-id=\"fc706a1\" data-element_type=\"widget\" data-widget_type=\"divider.default\">\n\t\t\t\t<div class=\"elementor-widget-container\">\n\t\t\t\t\t<div class=\"elementor-divider\">\n\t\t\t<span class=\"elementor-divider-separator\">\n\t\t\t\t\t\t<\/span>\n\t\t<\/div>\n\t\t\t\t<\/div>\n\t\t\t\t<\/div>\n\t\t\t\t<div class=\"elementor-element elementor-element-4a8c935 eael-table-align-center eael-dt-th-align-left elementor-widget elementor-widget-eael-data-table\" data-id=\"4a8c935\" data-element_type=\"widget\" data-widget_type=\"eael-data-table.default\">\n\t\t\t\t<div class=\"elementor-widget-container\">\n\t\t\t\t\t<div class=\"eael-data-table-wrap\" data-table_id=\"4a8c935\" id=\"eael-data-table-wrapper-4a8c935\" data-custom_responsive=\"false\">\n\t\t\t<table class=\"tablesorter eael-data-table center\" id=\"eael-data-table-4a8c935\">\n\t\t\t    <thead>\n\t\t\t        <tr class=\"table-header\">\n\t\t\t\t\t\t\t\t\t            <th class=\"hidden\" id=\"\" colspan=\"\">\n\t\t\t\t\t\t\t\t\t\t\t\t\t\t<span class=\"data-table-header-text\"><\/span><\/th>\n\t\t\t        \t\t\t\t        <\/tr>\n\t\t\t    <\/thead>\n\t\t\t  \t<tbody>\n\t\t\t\t\t\t\t\t\t\t\t<tr>\n\t\t\t\t\t\t\t\t\t\t\t\t\t\t\t\t   \t\t\t\t\t\t\t\t\t\t\t<td colspan=\"\" rowspan=\"\" class=\"\" id=\"\">\n\t\t\t\t\t\t\t\t\t\t\t\t<div class=\"td-content-wrapper\"><div class=\"td-content\">Vocabulari estandarditzat orientat a conceptes<\/div><\/div>\n\t\t\t\t\t\t\t\t\t\t\t<\/td>\n\t\t\t\t\t\t\t\t\t\t\t\t\t\t\t\t\t\t\t\t\t\t\t\t\t\t\t\t\t   \t\t\t\t\t\t\t\t\t\t\t<td colspan=\"\" rowspan=\"\" class=\"\" id=\"\">\n\t\t\t\t\t\t\t\t\t\t\t\t<div class=\"td-content-wrapper\"><div class=\"td-content\"><p><strong><span style=\"color: #000000;\">Inclou codis, termes, significats i coneixement asercional per representar el proc\u00e9s de prestaci\u00f3 de cures infermer i els seus resultats, sent d'utilitat per a la pr\u00e0ctica assistencial, l'harmonitzaci\u00f3 sem\u00e0ntica i el processament de dades en els sistemes d'informaci\u00f3 d'hist\u00f2ria cl\u00ednica electr\u00f2nica.<\/span><\/strong><\/p><\/div><\/div>\n\t\t\t\t\t\t\t\t\t\t\t<\/td>\n\t\t\t\t\t\t\t\t\t\t\t\t\t\t\t\t\t\t\t\t\t\t\t\t\t\t<\/tr>\n\t\t\t        \t\t\t\t\t\t<tr>\n\t\t\t\t\t\t\t\t\t\t\t\t\t\t\t\t   \t\t\t\t\t\t\t\t\t\t\t<td colspan=\"\" rowspan=\"\" class=\"\" id=\"\">\n\t\t\t\t\t\t\t\t\t\t\t\t<div class=\"td-content-wrapper\"><div class=\"td-content\"><p>De interfase\u00a0<\/p><\/div><\/div>\n\t\t\t\t\t\t\t\t\t\t\t<\/td>\n\t\t\t\t\t\t\t\t\t\t\t\t\t\t\t\t\t\t\t\t\t\t\t\t\t\t\t\t\t   \t\t\t\t\t\t\t\t\t\t\t<td colspan=\"\" rowspan=\"\" class=\"\" id=\"\">\n\t\t\t\t\t\t\t\t\t\t\t\t<div class=\"td-content-wrapper\"><div class=\"td-content\"><p><strong><span style=\"color: #000000;\">Sistema de conceptes basat en el llenguatge natural, revisat per a la seva refinament te\u00f2ric i la seva fonamentaci\u00f3 cient\u00edfica.<\/span><\/strong><\/p><p><strong><span style=\"color: #000000;\">Representat amb un llenguatge planer, que d\u00f3na feina expressions cl\u00edniques habituals de la pr\u00e0ctica assistencial, i optimitzat per al seu \u00fas en els sistemes d'informaci\u00f3.<\/span><\/strong><\/p><p><strong><span style=\"color: #000000;\">Actua de pont entre el llenguatge natural i la necessitat de codi dels sistemes d'informaci\u00f3.<\/span><\/strong><\/p><\/div><\/div>\n\t\t\t\t\t\t\t\t\t\t\t<\/td>\n\t\t\t\t\t\t\t\t\t\t\t\t\t\t\t\t\t\t\t\t\t\t\t\t\t\t<\/tr>\n\t\t\t        \t\t\t\t\t\t<tr>\n\t\t\t\t\t\t\t\t\t\t\t\t\t\t\t\t   \t\t\t\t\t\t\t\t\t\t\t<td colspan=\"\" rowspan=\"\" class=\"\" id=\"\">\n\t\t\t\t\t\t\t\t\t\t\t\t<div class=\"td-content-wrapper\"><div class=\"td-content\">Multi-axial<\/div><\/div>\n\t\t\t\t\t\t\t\t\t\t\t<\/td>\n\t\t\t\t\t\t\t\t\t\t\t\t\t\t\t\t\t\t\t\t\t\t\t\t\t\t\t\t\t   \t\t\t\t\t\t\t\t\t\t\t<td colspan=\"\" rowspan=\"\" class=\"\" id=\"\">\n\t\t\t\t\t\t\t\t\t\t\t\t<div class=\"td-content-wrapper\"><div class=\"td-content\"><p><span style=\"color: #000000;\"><strong>S'estructura en 3 eixos principals i 10 eixos secundaris.<\/strong><\/span><\/p><p><span style=\"color: #000000;\"><strong>Eixos principals:<\/strong><\/span><\/p><ul><li><span style=\"color: #000000;\"><strong>Valoraci\u00f3<\/strong><\/span><\/li><li><span style=\"color: #000000;\"><strong>Diagn\u00f2stic<\/strong><\/span><\/li><li><span style=\"color: #000000;\"><strong>Intervenci\u00f3<\/strong><\/span><\/li><\/ul><p>\u00a0<\/p><p><span style=\"color: #000000;\"><strong>Eixos secundaris:<\/strong><\/span><\/p><ul><li><span style=\"color: #000000;\"><strong>Accions i condicions<\/strong><\/span><\/li><li><span style=\"color: #000000;\"><strong>Atributs<\/strong><\/span><\/li><li><span style=\"color: #000000;\"><strong>Beneficiaris<\/strong><\/span><\/li><li><span style=\"color: #000000;\"><strong>Escales i unitats de mesura<\/strong><\/span><\/li><li><span style=\"color: #000000;\"><strong>Espai, localitzaci\u00f3 i posici\u00f3<\/strong><\/span><\/li><li><span style=\"color: #000000;\"><strong>Focus<\/strong><\/span><\/li><li><span style=\"color: #000000;\"><strong>Judici<\/strong><\/span><\/li><li><span style=\"color: #000000;\"><strong>Productes, medicaments, aliments i subst\u00e0ncies<\/strong><\/span><\/li><li><span style=\"color: #000000;\"><strong>Recursos, mitjans i context<\/strong><\/span><\/li><li><span style=\"color: #000000;\"><strong>Temporalitat<\/strong><\/span><\/li><\/ul><\/div><\/div>\n\t\t\t\t\t\t\t\t\t\t\t<\/td>\n\t\t\t\t\t\t\t\t\t\t\t\t\t\t\t\t\t\t\t\t\t\t\t\t\t\t<\/tr>\n\t\t\t        \t\t\t\t\t\t<tr>\n\t\t\t\t\t\t\t\t\t\t\t\t\t\t\t\t   \t\t\t\t\t\t\t\t\t\t\t<td colspan=\"\" rowspan=\"\" class=\"\" id=\"\">\n\t\t\t\t\t\t\t\t\t\t\t\t<div class=\"td-content-wrapper\"><div class=\"td-content\">D'alta especificitat<\/div><\/div>\n\t\t\t\t\t\t\t\t\t\t\t<\/td>\n\t\t\t\t\t\t\t\t\t\t\t\t\t\t\t\t\t\t\t\t\t\t\t\t\t\t\t\t\t   \t\t\t\t\t\t\t\t\t\t\t<td colspan=\"\" rowspan=\"\" class=\"\" id=\"\">\n\t\t\t\t\t\t\t\t\t\t\t\t<div class=\"td-content-wrapper\"><div class=\"td-content\"><span style=\"color: #000000;\"><strong>Els eixos es estructures de forma matricial en tres nivells d'abstracci\u00f3:<\/strong><\/span>\n\n<span style=\"color: #000000;\"><strong>1r nivel_Elementos estructurants (agrupadors)<\/strong><\/span>\n\n<span style=\"color: #000000;\"><strong>2n nivel_Elementos b\u00e0sics (eixos principals)<\/strong><\/span>\n\n<span style=\"color: #000000;\"><strong>3r nivel_Elementos moleculars i at\u00f2mics<\/strong><\/span>\n\n<span style=\"color: #000000;\"><strong>A la pr\u00e0ctica, els elements moleculars i at\u00f2mics dels eixos secundaris s'empren per incrementar el nivell d'especificitat dels elements b\u00e0sics.<\/strong><\/span>\n\n<span style=\"color: #000000;\"><strong>En la construcci\u00f3 i actualitzaci\u00f3 de sistema terminol\u00f2gic, els elements moleculars i at\u00f2mics s'utilitzen per a la dissecci\u00f3 conceptual, en compliment de la recomanaci\u00f3 de la <a href=\"https:\/\/www.iso.org\/obp\/ui\/#iso:std:iso:18104:ed-2:v1:en\">norma ISO 18104:2014<\/a>).<\/strong><\/span><\/div><\/div>\n\t\t\t\t\t\t\t\t\t\t\t<\/td>\n\t\t\t\t\t\t\t\t\t\t\t\t\t\t\t\t\t\t\t\t\t\t\t\t\t\t<\/tr>\n\t\t\t        \t\t\t\t\t\t<tr>\n\t\t\t\t\t\t\t\t\t\t\t\t\t\t\t\t   \t\t\t\t\t\t\t\t\t\t\t<td colspan=\"\" rowspan=\"\" class=\"\" id=\"\">\n\t\t\t\t\t\t\t\t\t\t\t\t<div class=\"td-content-wrapper\"><div class=\"td-content\">Validat<\/div><\/div>\n\t\t\t\t\t\t\t\t\t\t\t<\/td>\n\t\t\t\t\t\t\t\t\t\t\t\t\t\t\t\t\t\t\t\t\t\t\t\t\t\t\t\t\t   \t\t\t\t\t\t\t\t\t\t\t<td colspan=\"\" rowspan=\"\" class=\"\" id=\"\">\n\t\t\t\t\t\t\t\t\t\t\t\t<div class=\"td-content-wrapper\"><div class=\"td-content\"><p style=\"text-align: left;\"><span style=\"color: #000000;\"><strong>Sotm\u00e8s a un proc\u00e9s formal de validaci\u00f3 de les seves propietats, emprant metodologia de la investigaci\u00f3 qualitativa i cl\u00ednic-epidemiol\u00f2gica (m\u00e8trica):<\/strong><\/span><\/p><ul><li style=\"text-align: left;\"><span style=\"color: #000000;\"><strong>Fonamentaci\u00f3 filos\u00f2fica i te\u00f2rica<\/strong><\/span><\/li><li style=\"text-align: left;\"><span style=\"color: #000000;\"><strong>Estructura<\/strong><\/span><\/li><li style=\"text-align: left;\"><span style=\"color: #000000;\"><strong>Validesa l\u00f2gica<\/strong><\/span><\/li><li style=\"text-align: left;\"><span style=\"color: #000000;\"><strong>Validesa de contingut<\/strong><\/span><\/li><li style=\"text-align: left;\"><span style=\"color: #000000;\"><strong>Validesa de criteri<\/strong><\/span><\/li><li style=\"text-align: left;\"><span style=\"color: #000000;\"><strong>Fiabilitat (usabilitat)<\/strong><\/span><\/li><\/ul><p style=\"text-align: left;\"><span style=\"color: #000000;\"><strong>Els resultats d'aquests estudis es poden consultar a l'apartat <a href=\"http:\/\/server3.testwalking.com\/test\/atic-wp\/ublicacions-cientifiques\/\">Publicacions.<\/a><\/strong><\/span><\/p><\/div><\/div>\n\t\t\t\t\t\t\t\t\t\t\t<\/td>\n\t\t\t\t\t\t\t\t\t\t\t\t\t\t\t\t\t\t\t\t\t\t\t\t\t\t<\/tr>\n\t\t\t        \t\t\t\t\t\t<tr>\n\t\t\t\t\t\t\t\t\t\t\t\t\t\t\t\t   \t\t\t\t\t\t\t\t\t\t\t<td colspan=\"\" rowspan=\"\" class=\"\" id=\"\">\n\t\t\t\t\t\t\t\t\t\t\t\t<div class=\"td-content-wrapper\"><div class=\"td-content\">Multi-\u00e0mbit<\/div><\/div>\n\t\t\t\t\t\t\t\t\t\t\t<\/td>\n\t\t\t\t\t\t\t\t\t\t\t\t\t\t\t\t\t\t\t\t\t\t\t\t\t\t\t\t\t   \t\t\t\t\t\t\t\t\t\t\t<td colspan=\"\" rowspan=\"\" class=\"\" id=\"\">\n\t\t\t\t\t\t\t\t\t\t\t\t<div class=\"td-content-wrapper\"><div class=\"td-content\"><p><strong><span style=\"color: #000000;\">ATIC s'empra en la pr\u00e0ctica assistencial en centres sanitaris de m\u00faltiples prove\u00efdors de serveis de salut, p\u00fablics, concertats i privats:<\/span><\/strong><\/p><p><strong><span style=\"color: #000000;\">Centres:<\/span><\/strong><\/p><p><span style=\"color: #000000;\">Centres i dispositius d'atenci\u00f3 prim\u00e0ria<\/span><\/p><p><span style=\"color: #000000;\">Hospitals Universitaris terciaris de refer\u00e8ncia<\/span><\/p><p><span style=\"color: #000000;\">hospitals Universitaris<\/span><\/p><p><span style=\"color: #000000;\">Hospitals comarcals i rurals<\/span><\/p><p><span style=\"color: #000000;\">Centres sociosanitaris<\/span><\/p><p><strong><span style=\"color: #000000;\">\u00e0mbits:<\/span><\/strong><\/p><p><span style=\"color: #000000;\">Cures de salut familiar i comunit\u00e0ria<\/span><\/p><p><span style=\"color: #000000;\">Cures medicoquir\u00fargics, cr\u00edtics i urgents<\/span><\/p><p><span style=\"color: #000000;\">Cures maternoinfantils i pedi\u00e0trics<\/span><\/p><p><span style=\"color: #000000;\">Cures de salut mental<\/span><\/p><p><span style=\"color: #000000;\">Cures geri\u00e0trics, sociosanitaris i pal\u00b7liatius<\/span><\/p><p><span style=\"color: #000000;\"><strong>\u00e0rees:<\/strong><\/span><\/p><p><span style=\"color: #000000;\">Equips d'atenci\u00f3 prim\u00e0ria<\/span><\/p><p><span style=\"color: #000000;\">Consultoris rurals<\/span><\/p><p><span style=\"color: #000000;\">Gesti\u00f3 de casos<\/span><\/p><p><span style=\"color: #000000;\">Atenci\u00f3 domicili\u00e0ria<\/span><\/p><p><span style=\"color: #000000;\">Centres d'urg\u00e8ncies d'atenci\u00f3 prim\u00e0ria<\/span><\/p><p><span style=\"color: #000000;\">Equips de cures pal\u00b7liatives comunitaris<\/span><\/p><p><span style=\"color: #000000;\">Equips d'atenci\u00f3 residencial<\/span><\/p><p><span style=\"color: #000000;\">Unitats especialitzades d'atenci\u00f3 prim\u00e0ria<\/span><\/p><p><span style=\"color: #000000;\">Unitats d'hospitalitzaci\u00f3 d'alta complexitat<\/span><\/p><p><span style=\"color: #000000;\">Unitats d'hospitalitzaci\u00f3 de curta estada<\/span><\/p><p><span style=\"color: #000000;\">Unitats d'atenci\u00f3 maternoinfantil<\/span><\/p><p><span style=\"color: #000000;\">Unitats de semi-cr\u00edtics i cures interm\u00e8dies<\/span><\/p><p><span style=\"color: #000000;\">Unitats de cures intensives<\/span><\/p><p><span style=\"color: #000000;\">\u00e0rees quir\u00fargiques<\/span><\/p><p><span style=\"color: #000000;\">\u00c0rees d'intervencionisme<\/span><\/p><p><span style=\"color: #000000;\">Unitats d'hospitalitzaci\u00f3 a domicili<\/span><\/p><p><span style=\"color: #000000;\">Unitats d'urg\u00e8ncies hospital\u00e0ries<\/span><\/p><p><span style=\"color: #000000;\">Hospitals de dia generalistes i especialitzats<\/span><\/p><p><span style=\"color: #000000;\">Unitats de psiquiatria d'aguts<\/span><\/p><p><span style=\"color: #000000;\">Unitats de convalesc\u00e8ncia<\/span><\/p><p><span style=\"color: #000000;\">Unitats sociosanit\u00e0ries de llarga estada<\/span><\/p><p><span style=\"color: #000000;\">Unitats de rehabilitaci\u00f3<\/span><\/p><p><span style=\"color: #000000;\">Unitats de cures pal\u00b7liatives<\/span><\/p><p><span style=\"color: #000000;\">Unitats de salut mental<\/span><\/p><p><span style=\"color: #000000;\">Hospitals de dia sociosanitaris<\/span><\/p><\/div><\/div>\n\t\t\t\t\t\t\t\t\t\t\t<\/td>\n\t\t\t\t\t\t\t\t\t\t\t\t\t\t\t\t\t\t\t\t\t\t\t\t\t\t<\/tr>\n\t\t\t        \t\t\t    <\/tbody>\n\t\t\t<\/table>\n\t\t<\/div>\n\t  \t\t\t<\/div>\n\t\t\t\t<\/div>\n\t\t\t\t\t<\/div>\n\t\t<\/div>\n\t\t\t\t\t<\/div>\n\t\t<\/section>\n\t\t\t\t<\/div>\n\t\t","protected":false},"excerpt":{"rendered":"<p>Caracter\u00edstiques de la terminologia ATIC Vocabulari estandarditzat orientat a conceptes Inclou codis, termes, significats i coneixement asercional per representar el proc\u00e9s de prestaci\u00f3 de cures infermer i els seus resultats, sent d&#8217;utilitat per a la pr\u00e0ctica assistencial, l&#8217;harmonitzaci\u00f3 sem\u00e0ntica i el processament de dades en els sistemes d&#8217;informaci\u00f3 d&#8217;hist\u00f2ria cl\u00ednica electr\u00f2nica. De interfase\u00a0 Sistema de<\/p>\n<footer class=\"entry-footer index-entry\">\n<div class=\"post-social pull-left\"><a href=\"https:\/\/www.facebook.com\/sharer\/sharer.php?u=http%3A%2F%2Fserver3.testwalking.com%2Ftest%2Fatic-wp%2Fcaracteristiques%2F\" target=\"_blank\" class=\"social-icons\"><i class=\"fa fa-facebook\" aria-hidden=\"true\"><\/i><\/a><a href=\"https:\/\/twitter.com\/home?status=http%3A%2F%2Fserver3.testwalking.com%2Ftest%2Fatic-wp%2Fcaracteristiques%2F\" target=\"_blank\" class=\"social-icons\"><i class=\"fa fa-twitter\" aria-hidden=\"true\"><\/i><\/a><a href=\"https:\/\/www.linkedin.com\/shareArticle?mini=true&#038;url=http%3A%2F%2Fserver3.testwalking.com%2Ftest%2Fatic-wp%2Fcaracteristiques%2F&#038;title=Caracter%C3%ADstiques\" target=\"_blank\" class=\"social-icons\"><i class=\"fa fa-linkedin\" aria-hidden=\"true\"><\/i><\/a><\/div>\n<p class=\"link-more\"><a href=\"http:\/\/server3.testwalking.com\/test\/atic-wp\/caracteristiques\/\" class=\"more-link\">Continue reading <span class=\"meta-nav\">\u2192<\/span><\/a><\/p>\n<\/footer>\n","protected":false},"author":1,"featured_media":0,"parent":0,"menu_order":0,"comment_status":"closed","ping_status":"closed","template":"","meta":{"footnotes":""},"acf":[],"_links":{"self":[{"href":"http:\/\/server3.testwalking.com\/test\/atic-wp\/wp-json\/wp\/v2\/pages\/205"}],"collection":[{"href":"http:\/\/server3.testwalking.com\/test\/atic-wp\/wp-json\/wp\/v2\/pages"}],"about":[{"href":"http:\/\/server3.testwalking.com\/test\/atic-wp\/wp-json\/wp\/v2\/types\/page"}],"author":[{"embeddable":true,"href":"http:\/\/server3.testwalking.com\/test\/atic-wp\/wp-json\/wp\/v2\/users\/1"}],"replies":[{"embeddable":true,"href":"http:\/\/server3.testwalking.com\/test\/atic-wp\/wp-json\/wp\/v2\/comments?post=205"}],"version-history":[{"count":29,"href":"http:\/\/server3.testwalking.com\/test\/atic-wp\/wp-json\/wp\/v2\/pages\/205\/revisions"}],"predecessor-version":[{"id":1449,"href":"http:\/\/server3.testwalking.com\/test\/atic-wp\/wp-json\/wp\/v2\/pages\/205\/revisions\/1449"}],"wp:attachment":[{"href":"http:\/\/server3.testwalking.com\/test\/atic-wp\/wp-json\/wp\/v2\/media?parent=205"}],"curies":[{"name":"wp","href":"https:\/\/api.w.org\/{rel}","templated":true}]}}